, what is 3a + 13?
50
In base 10, what is -4 - -1796?
1792
In base 7, what is -3 + -5406?
-5412
In base 11, what is 3 + -122?
-11a
In base 5, what is 1001334 - 3?
1001331
In base 6, what is 152 + -2?
150
In base 2, what is -1011111 - 0?
-1011111
In base 11, what is 951 - 2?
94a
In base 6, what is 0 - -320?
320
In base 10, what is 12 + -5?
7
In base 7, what is -10364 - 0?
-10364
In base 2, what is -11 - -101101?
101010
In base 16, what is 1 + -68?
-67
In base 15, what is -8565 - 4?
-8569
In base 13, what is -60 + -c8?
-158
In base 6, what is 0 - 1222?
-1222
In base 4, what is 1131210 - -3?
1131213
In base 15, what is 7 - -96?
9d
In base 3, what is 22102 + 1?
22110
In base 8, what is -1545 - -4?
-1541
In base 3, what is 12 - -212202?
212221
In base 14, what is d1 - -6?
d7
In base 4, what is 123 - -2?
131
In base 8, what is 41 + -1?
40
In base 8, what is -4 + 7556?
7552
In base 6, what is -11221 - -3?
-11214
In base 9, what is -1 + 122?
121
In base 4, what is 33030 - -2?
33032
In base 16, what is -1 - 41?
-42
In base 6, what is -2 + 24?
22
In base 3, what is 0 + 1122110?
1122110
In base 12, what is 3 - 2b?
-28
In base 9, what is -307 - 8?
-316
In base 11, what is 45 + 271?
306
In base 13, what is -75 + -7?
-7c
In base 12, what is 5 - -38?
41
In base 16, what is 20 - 1?
1f
In base 14, what is 1434 - -1?
1435
In base 13, what is 3 - -42?
45
In base 16, what is -1 - -c?
b
In base 12, what is 35b - 3a?
321
In base 6, what is 2 - 32?
-30
In base 11, what is 120a - -1?
1210
In base 8, what is 366 + 2?
370
In base 7, what is -14452 - -2?
-14450
In base 4, what is -100 - 12?
-112
In base 13, what is 2 - -12b?
130
In base 9, what is -16 + 0?
-16
In base 3, what is 10202211 - 20?
10202121
In base 15, what is 73 + -15?
5d
In base 16, what is -1 - ac7?
-ac8
In base 12, what is -1 + 763?
762
In base 7, what is -5 - 13110?
-13115
In base 12, what is -199 + 2?
-197
In base 15, what is 46ad + 3?
46b1
In base 5, what is -33122 - -3?
-33114
In base 2, what is 101 + -101000111?
-101000010
In base 3, what is -12 + -2201?
-2220
In base 10, what is 3 - 46?
-43
In base 5, what is -10 - -21334?
21324
In base 7, what is -1633 + 4?
-1626
In base 16, what is -2 + -f30?
-f32
In base 7, what is -15 + 111?
63
In base 5, what is 411 - 23?
333
In base 2, what is 100 - -100000?
100100
In base 13, what is -2 + 1095?
1093
In base 10, what is -350 + -5?
-355
In base 3, what is 0 - 201?
-201
In base 15, what is 19 + -6?
13
In base 12, what is 5 - 53?
-4a
In base 2, what is -110110010101 - -11?
-110110010010
In base 6, what is -11 - -1023?
1012
In base 13, what is -4 - 66?
-6a
In base 8, what is 563 - -1?
564
In base 14, what is -2 + c5?
c3
In base 2, what is -1 - -101110?
101101
In base 10, what is -45 - -11?
-34
In base 16, what is 3 - -1e?
21
In base 16, what is c0 - -3?
c3
In base 4, what is -31 - -311?
220
In base 7, what is 22 - 23?
-1
In base 14, what is 266 + 10?
276
In base 14, what is a + -65?
-59
In base 6, what is 5 + 212?
221
In base 3, what is 11 + 200?
211
In base 4, what is -12331 - 10?
-13001
In base 11, what is -173 + -14?
-187
In base 11, what is 2564 + -4?
2560
In base 5, what is 23 - -22023?
22101
In base 3, what is 120 + 10111?
11001
In base 3, what is 1 + -1112120?
-1112112
In base 13, what is 11 + 29?
3a
In base 5, what is -101 + 1?
-100
In base 8, what is 5 + -421?
-414
In base 5, what is -344 + -44?
-443
In base 11, what is 5a8 - 1?
5a7
In base 3, what is 21020101 + -12?
21020012
In base 5, what is -1 + -2003?
-2004
In base 11, what is 1236 + 2?
1238
In base 3, what is 2201 - 11001?
-1100
In base 16, what is 86 - 0?
86
In base 8, what is -444 + -4?
-450
In base 8, what is -157 - 0?
-157
In base 2, what is -110010 - -11?
-101111
In base 9, what is -3 + -53?
-56
In base 11, what is -281 + -56?
-327
In base 13, what is -7831 - -1?
-7830
In base 14, what is 3 + -70?
-6b
In base 13, what is 3 - b7?
-b4
In base 14, what is -ba - -4?
-b6
In base 3, what is -10110 + 0?
-10110
In base 9, what is 5 - 1?
4
In base 11, what is -118a - 0?
-118a
In base 13, what is -1a6 + -a?
-1b3
In base 14, what is 8 + -1c50?
-1c46
In base 15, what is 5 + -4b9?
-4b4
In base 11, what is 1482 + 0?
1482
In base 11, what is 81 - 49?
33
In base 8, what is -10533 + 4?
-10527
In base 8, what is 22 - 17?
3
In base 4, what is -21213 + -13?
-21232
In base 10, what is 43 - -9?
52
In base 2, what is -10110110101 - 11?
-10110111000
In base 3, what is 12 - 11020?
-11001
In base 5, what is 1 + -11433?
-11432
In base 15, what is -da + 29?
-b1
In base 12, what is -4 + 157b?
1577
In base 16, what is -d4 + 0?
-d4
In base 8, what is -5 + 523?
516
In base 11, what is -48aa + -1?
-4900
In base 4, what is 31 - -30?
121
In base 4, what is 11 - 313?
-302
In base 2, what is -10 + 100011?
100001
In base 8, what is -131 - -2?
-127
In base 3, what is 12 - 1210?
-1121
In base 3, what is 202 + -110001?
-102022
In base 4, what is -2 - -2031?
2023
In base 7, what is 2220 - -3?
2223
In base 11, what is -2 - 17?
-19
In base 15, what is -8e2 + 2?
-8e0
In base 10, what is -48 + 6?
-42
In base 6, what is -3 + -1110?
-1113
In base 6, what is -2 + 12430?
12424
In base 10, what is 1342 - -10?
1352
In base 4, what is 323 + -12011?
-11022
In base 10, what is 2109 + -4?
2105
In base 14, what is 0 - -48?
48
In base 6, what is 1004 - -2?
1010
In base 11, what is 202 + -2?
200
In base 11, what is 0 + 167?
167
In base 6, what is 104 - 1?
103
In base 10, what is 5 - -4432?
4437
In base 9, what is -425 - 33?
-458
In base 9, what is -1 - -13?
12
In base 7, what is -6 - -1?
-5
In base 9, what is 475 + -4?
471
In base 3, what is 0 + -221202?
-221202
In base 9, what is -5 + 8?
3
In base 12, what is 1b5 + -4?
1b1
In base 16, what is -5 - -d37?
d32
In base 10, what is 8256 - 2?
8254
In base 6, what is 0 - -333?
333
In base 9, what is 1 - -71?
72
In base 16, what is -2 + -c5?
-c7
In base 10, what is 65 - -12?
77
In base 6, what is 5 - -415?
424
In base 8, what is 232 - -5?
237
In base 16, what is -4 + -93?
-97
In base 11, what is -552 - 0?
-552
In base 2, what is 111000111 + -110?
111000001
In base 4, what is -12210 + 2?
-12202
In base 7, what is 2 + -460?
-455
In base 11, what is 2193a + 3?
21942
In base 2, what is 1111011 - 100010?
1011001
In base 11, what is 0 + 3a?
3a
In base 13, what is -2 + 85?
83
In base 5, what is -11 - -240?
224
In base 12, what is 21 - 6?
17
In base 8, what is -35 - 1617?
-1654
In base 4, what is 1222101 - -3?
1222110
In base 10, what is -1421 + 1?
-1420
In base 5, what is 210 + -12?
143
In base 12, what is 36 - -10?
46
In base 7, what is 435 - -13?
451
In base 11, what is 6283 - 5?
6279
In base 15, what is -1b + b?
-10
In base 15, what is b - -14?
20
In base 14, what is -5 - -139?
134
In base 8, what is -5 - 276?
-303
In base 15, what is -4 - -52?
4d
In base 9, what is -1 - -1347?
1346
In base 6, what is -2545 + -2?
-2551
In base 14, what is a9 - -7?
b2
In base 2, what is -11110110 - -1010?
-11101100
In base 11, what is -5 + 297?
292
In base 2, what is 100 - -101101111?
101110011
In base 13, what is 6 + 3?
9
In base 8, what is 457 - 5?
452
In base 8, what is 217 - 3?
214
In base 14, what is ac - -5?
b3
In base 14, what is -5 + -35?
-3a
In base 5, what is -1 - -42?
41
In base 11, what is -1 - -6?
5
In base 2, what is -1110111 + -11000?
-10001111
In base 11, what is -2098 + 5?
-2093
In base 6, what is -2 + 51405?
51403
In base 4, what is 2 - 12322?
-12320
In base 13, what is -86 + 10?
-76
In base 6, what is 22 - 10550?
-10524
In base 12, what is 2 + -1409?
-1407
In base 5, what is 4 - -1010?
1014
In base 6, what is 22150 + -4?
22142
In base 12, what is a7a - -5?
a83
In base 3, what is 11 + 102210?
102221
In base 11, what is 110 + -5?
106
In base 2, what is -100 + -10001?
-10101
In base 10, what is -392 - 3?
-395
In base 15, what is c - -c?
19
In base 4, what is -1210 + 2113?
303
In base 3, what is 10 - -1211201?
1211211
In base 11, what is -7 + 86?
7a
In base 16, what is -2 - -f50?
f4e
In base 9, what is -4 - 1747?
-1752
In base 6, what is 1 - 15052?
-15051
In base 12, what is 2 - 2ab?
-2a9
In base 6, what is 32 + 134?
210
In base 6, what is -51241 + -2?
-51243
In base 14, what is 10 + 10b?
11b
In base 12, what is -7314 - -4?
-7310
In base 13, what is 1160 + -5?
1158
In base 8, what is -3 + -14?
-17
In base 2, w